7*t. Let y(q) = -q**2 - 1. Give y(t).
-5
Let c be (-3)/3 + -3 + 4. Let y = 10 + -5. Let g(z) = -z - 7 + y - 4 + c*z. Determine g(-5).
-1
Let z be (0 - 0)/(-1) - (15 + 3 + -23). Let k(i) = -3*i**2 + 20*i - 18. What is k(z)?
7
Suppose 4*q - 5 = -1. Let w(u) = -1962 - 245*u + 1962 + 265*u. Give w(q).
20
Let f(q) = -3*q**2 - 11*q + 3. Let a be (-9)/(-2)*10/(-15). Let t = a + 14. Let s(u) = u**2 + 4*u - 1. Let n(j) = t*s(j) + 4*f(j). What is n(4)?
-15
Let r be 2/(5 - (-206)/(-42)). Let n = r - 20. Let p(g) = -7*g + 3*g - n + 4*g - 7*g**2. Calculate p(1).
-8
Let p(u) = -u**3 + 11*u**2 - 8*u - 11. Let l(n) = 2*n**2 + 10*n - 2. Suppose 20*b = 7*b + 13. Let m be l(b). Calculate p(m).
9
Let m(h) = -221*h**2 + 1 + 222*h**2 - 179*h + 175*h. Suppose 0 = 5*a - 13 + 3. Suppose -i = 3*l - 18, -3*l - a*i - 5 = -26. Determine m(l).
6
Suppose 2*h = -2*b + 5 - 1, 15 = 5*b + 4*h. Let i = 10 + -7. Let q(f) = 219 - 216 - 3*f - f + f**i - 7*f**2. What is q(b)?
-25
Suppose -25 = -3*f - a, -4*f + 5 = -f - 4*a. Let r(g) be the first derivative of -g**2 + 8*g - 355. Calculate r(f).
-6
Let w(k) = -13 + 3420*k**2 - 55 + 3419*k**2 + 15*k + 3416*k**2 - 10256*k**2. What is w(8)?
-12
Let j(h) = 90*h + 4 + 8*h**2 - 82*h - h**2 + h**3. Suppose 0 = k - 35 + 2. Suppose 0 = 6*o - 3 + k. Determine j(o).
14
Let u(s) = -318*s + 638. Let r be u(2). Let o(q) = q**2 + 2*q - 1. Determine o(r).
7
Let o(t) = -2*t**3 + t + 1. Let y(w) = w**2 + 11*w + 2. Let h be y(0). Suppose m - k + 6 = 3*k, h*k - 12 = 5*m. Calculate o(m).
15
Let x(c) = c**2 + 47*c - 923. Let o be x(15). Let u(f) = -2*f - 15. What is u(o)?
-29
Let b(a) = -29*a + 842. Let m be b(29). Let o(j) = -52*j**3 + j**2 - 4*j + 2. Determine o(m).
-53
Let c(m) = 2*m**2 - 47*m - 155. Let r be c(-3). Let k(v) = -4*v**2 + 13*v - 6. What is k(r)?
-18
Let r(l) = -2*l**3 + 5 - l + 75210*l**2 + 2 - 75208*l**2. Give r(2).
-3
Let b(z) = 16*z + 4 + z**3 - 6 + 3 + 7*z**2 - 15*z. Let m be ((-1)/(-2))/(9/(-180)). Let l = m + 3. Determine b(l).
-6
Let p be 79/2 - 4 - 4/(-8). Suppose -3*b - 27 = 3*g, -p*g = -33*g - 4*b + 13. Let u(x) = -x**2 - 11*x - 24. Give u(g).
4
Suppose -57 = 3*b - 2*k, -15 + 24 = k. Let v(w) = -w**2 - 13*w - 18. Determine v(b).
-18
Let f(k) be the third derivative of k**5/60 + 19*k**4/24 + k**3/6 + 2*k**2 + 201. Determine f(-20).
21
Suppose 8*y - 6*y - 16 = 8. Let i(h) be the first derivative of -y*h + 1/2*h**2 + 13. What is i(9)?
-3
Let a(h) = 3*h - 22. Let m be a(5). Let u(i) = 7. Let z(g) = 2*g - 12. Let k(r) = m*u(r) - 4*z(r). What is k(1)?
-9
Let v(u) = 288*u**2 + 10*u - 289*u**2 - 4*u. Let h(j) = -j**2 + 6*j - 1. Let q(r) = 2*h(r) - 3*v(r). Calculate q(5).
-7
Let r(u) be the first derivative of 5*u**2 + 67*u + 2072. Give r(-7).
-3
Let j(w) = -w + 16. Let o(v) = v**2 + 22*v - 503. Let l(u) = 30*j(u) + o(u). Let z(h) = -h**2 - 8*h + 10. Let b be z(-8). Determine l(b).
-3
Let t(x) = x**3 + 11*x**2 - 2*x + 26. Suppose 67*c + 207 + 71 + 459 = 0. What is t(c)?
48
Let h = 78 + -31. Let i(f) = 48*f**2 - h*f**2 + 3 + 3*f - f. Suppose 2*l - 2*s = 2*s + 2, 3*s - 6 = 4*l. Give i(l).
6
Let v(k) = k**3 - 64 + 17407*k**2 + 10*k - 17408*k**2 + 21*k. Calculate v(2).
2
Let x = 198 - 195. Let z(k) = 24*k**3 + 26*k**2 + 5 - 36*k**2 - 23*k**x. Calculate z(10).
5
Let s(b) = -21*b + 1. Let v(q) = -2*q + 22. Let t be v(8). Suppose -2*j = 2*x - t, -2*x = 3*j - 9 + 1. Suppose -i + 1 = j*m, 3*m + 4*i = -3 + 2. What is s(m)?
-20
Let v(u) = 2*u**2 - 2*u - 2. Let h(g) = g + 87. Let z be h(-4). Suppose z = 8*p + 59. Determine v(p).
10
Let t(g) = 242*g - 174. Let p(m) = 51*m - 35. Let h(q) = 19*p(q) - 4*t(q). Determine h(-37).
-6
Let u(l) = 4*l**2 - 2. Let v(n) = 2 - 1815*n - 5 + 1814*n + 3*n**2. Let d(w) = -4*u(w) + 5*v(w). Give d(-5).
-7
Let g(t) = -t**3 - 18*t**2 + 3*t + 49. Let f(j) = -j**2 + 8*j - 33. Let d be f(5). Determine g(d).
-5
Let r(c) = -c**2 - 3*c + 4. Let o be 4*15/2*(-4)/40. Let g be o*(-169)/7 + 12/21. Let k = g + -78. What is r(k)?
-6
Let v(p) = p**2 - 6*p + 1. Suppose 5*x - 17 = -47. Let a be (x/30 + 982/10)/2. Suppose -19 = 6*j - a. What is v(j)?
-4
Let s(t) be the third derivative of t**6/120 + 13*t**5/60 + t**4/2 - 5*t**3/2 + 2227*t**2. Give s(-12).
-15
Let r be 56 + -59 + 15 + 1/1. Let v(i) = i**3 + 6*i**2 - 1 + 4*i**3 - r*i**2 + 9*i**2. Give v(1).
6
Let a(c) = c**3 + 5. Suppose 7*x - 48 = -5*x. Suppose -2*b - 2*l = -10, -20 = -b - 2*b - x*l. What is a(b)?
5
Suppose 41*u - 19 = -35*u + 57*u. Let i(x) = -10*x**3 + x**2 - 2*x + 1. Determine i(u).
-10
Let l(n) be the second derivative of -n**4/12 - n**2 - 3*n. Let f(v) = 5*v - 1 - v**2 + v - 6*v. Let m(k) = 3*f(k) - 2*l(k). Calculate m(-1).
0
Let r(j) = 0 + 2*j**2 + 3 + 0*j**2 + 3*j. Suppose -5*y - 3*i = -45, -3*i + 15 = -6*i. Let h be (3/y)/((-49)/588). Determine r(h).
12
Let y(c) be the third derivative of 1/12*c**4 - c - 1/30*c**5 - 1/6*c**3 - 1/120*c**6 + 60*c**2 + 0. Determine y(1).
-2
Suppose 6*i - 25 - 11 = 0. Suppose -5*x + k = -22, i*k = 2*x + 3*k - 14. Let v(l) = -11*l + 6. What is v(x)?
-38
Let d(z) = z**2 + z + 3. Let q(j) = 2*j**2 + 3*j + 6. Let i(n) = 9*d(n) - 4*q(n). Let t(g) = -g**2 - 1. Let p(r) = -i(r) - 3*t(r). What is p(-2)?
2
Let o be 1/(((-21)/(-7))/6). Let x(w) = -w + 977*w**2 - w + 3*w - 943*w**o. Give x(1).
35
Let t(m) = -m + 16. Suppose -6*b + 5*b - 19 = 0. Let y be 4 - (-88)/(20/5). Let d = b + y. Calculate t(d).
9
Let y(o) = -2*o - 133. Let s(j) = j + 73. Let l(x) = -11*s(x) - 6*y(x). Let p be (-16)/24 + 13/(-3). Calculate l(p).
-10
Let z(g) = -g**2 + 5*g - 2. Let t(f) = -f**2 + 7*f. Let p be t(7). Let n(o) = -o. Let k be n(p). Let a be (k + 1 + 4)/(7 - 6). Give z(a).
-2
Suppose 16 = 5*l + 2*r, 5*l + 4*r - 22 = -0*l. Let b(y) = 2*y**2 - 16 + l*y**2 + 0*y**2 - 8*y**2 + 14 + 4*y. Give b(3).
-26
Suppose 0 = 5*w + 4*a - 116, w + 9 - 32 = -a. Suppose m = -7*m - w. Let i(o) be the first derivative of -o**3/3 - 3*o**2/2 + 4*o + 1. Give i(m).
4
Let i(l) be the third derivative of -l**5/60 + l**4/8 + 15*l**2. Suppose -8 = 4*s - 24. What is i(s)?
-4
Let p(c) = 3*c - 39. Suppose 0*u + d = -5*u + 65, u - 5*d + 13 = 0. Give p(u).
-3
Let u(z) = -7*z**3 - 9*z**2 - 12*z - 17. Let h(g) = 4*g**3 + 4*g**2 + 6*g + 9. Suppose -p + 3 = -105. Let n = 105 - p. Let i(r) = n*u(r) - 5*h(r). Give i(-6).
6
Let d = 52 + -25. Let l be 258/(-18) - (-9)/d. Let i(u) = u + 23. Give i(l).
9
Let g be (-900)/132 + 22/(-121). Let k(p) = p**3 + 9*p**2 + 17*p + 10. Determine k(g).
-11
Suppose -k + 24 = 5*a, -5*k - 5*a = -2*k - 32. Let l(n) = -4*n + 1 - 1 - k + 5*n. Determine l(0).
-4
Let i(o) = -126*o - 9074. Let c be i(-72). Let q(l) = -2*l**2 - 4*l - 7. Give q(c).
-7
Let a(j) = 69*j**2 - 27 - 140*j**2 + 47 + 12*j + 72*j**2. What is a(-15)?
65
Suppose -3*c + 1 = -2*l, 0 = 3*l + l - c + 17. Let o be (6/(-4))/((-27)/36). Let i(v) = v**3 + 277*v - 274*v - 2 + 6*v**o + 1. What is i(l)?
9
Suppose 3*z - 3 - 15 = 0. Let o(a) = z*a - 3*a + 8 - 6 + 1. What is o(-4)?
-9
Let d(x) = 2*x**2 - 2*x - 2. Let b(l) be the second derivative of l**4/12 - 17*l**3/6 + 34*l**2 - 67*l. Let r be b(11). Give d(r).
2
Let n(m) = -m + 8. Let w be n(-6). Let y(c) = -w + 4 + 6 - c**2 - c**3 + 3*c. Determine y(-3).
5
Let q(i) = -2*i**2 - 41*i - 14. Suppose -2*p - 35 = -5*c, 5*p + 5*c - 13*c = -92. Give q(p).
6
Let j(s) be the first derivative of 2*s**2 + 29*s + 1976. Calculate j(3).
41
Suppose -38*s + 35*s + 12 = 0. Let g(u) = 2*u + s - 4*u + 1 + 0*u. Suppose 3*k = -k + 16. What is g(k)?
-3
Let k(z) be the third derivative of -z**5/60 - 5*z**4/24 + 7*z**3/6 + z**2. Suppose -4*l - 4*a = 8 + 24, -a = -4*l - 22. Determine k(l).
1
Let f = 168 - 169. Let w(h) be the third derivative of h**7/1260 - h**4/8 - 3*h**2. Let y(l) be the second derivative of w(l). What is y(f)?
2
Let x = -165 + 155. Let a(l) = l**2 + 11*l + 16. Let f be a(x). Let g(z) = -z + 6. Calculate g(f).
0
Let v(x) = 97*x + 14. Let r(h) = 16*h + 3. Let i(p) = 6*r(p) - v(p). Suppose l - 2 + 5 = 0. What is i(l)?
7
Let s(g) = -3*g**3 - 11*g**2 - 14*g + 2. Let n(o) = 6*o**3 + 21*o**2 + 27*o - 3. Let d(r) = -6*n(r) - 11*s(r). Determine d(-2).
16
Suppose 20 = -3*s + j - 0*j, j - 34 = 5*s. Let y(d) = -235*d**2 + 2 + 135*d - 127*d + 236*d**2. What is y(s)?
-5
Let z(o) = 3*o**2 + 14*o - 27. Let t be z(-11). Let q(k) = -203 + k + k + t. What is q(9)?
-3
Let n(t) be the t